actor of j and 144.
16
Let a(z) = -41*z**3 - z**2 - 2*z - 1. Let b be a(-1). Suppose 5*q = 5*v - 53 - 32, 3*v - q = b. Calculate the highest common factor of v and 1.
1
Let m(h) = 29*h**2 + 18*h + 18. Let b be m(-1). Calculate the highest common divisor of 203 and b.
29
Suppose 16 = -3*q + 373. Let u be (2 + 3)*1 + 12. Calculate the highest common factor of u and q.
17
Suppose -3*z = -5*c + z + 135, 2*c - 54 = 4*z. Let o be 622/4 - (-1)/2. Suppose o + 384 = 4*k. Calculate the greatest common divisor of c and k.
27
Let q be (-3)/6*(2 + -8). Suppose 3 = q*w + 5*o + 15, 0 = w - 4*o - 13. Let z = 23 + -19. What is the greatest common factor of w and z?
1
Suppose -2*i = 2*o - 834, 5*o = 2*i - 881 + 26. Calculate the highest common factor of i and 90.
30
Suppose 12 = 4*w, 8 = 3*h + 3*w - 16. Suppose 0 = 2*s + h*q - 42, 0 = -s + 2*q - 4*q + 20. Let f = 5 - -35. What is the highest common divisor of s and f?
8
Let i(h) be the first derivative of -2 - 5/3*h**3 - 1/4*h**4 + 1/2*h**2 + 7*h. Let d be i(-6). What is the greatest common divisor of d and 407?
37
Let u be (6 + -5)/(2/10). Suppose 0 = r + u*r - 36. What is the highest common divisor of 3 and r?
3
Let b be (-5 - -10 - 4)*4. What is the highest common divisor of b and 28?
4
Let q(a) = -3 + 1 - 3*a - 2 - a. Let n be q(-4). Suppose n - 4 = t. Calculate the highest common factor of t and 1.
1
Let y = -2482 - -2546. What is the greatest common divisor of y and 688?
16
Let i be (1/4)/((-34)/(-2312)). What is the greatest common factor of 629 and i?
17
Suppose 0 = 2*x - 6 + 2. Suppose -x*f = -43 - 59. Let r(m) = 15*m + 2. Let k be r(1). Calculate the highest common factor of f and k.
17
Let u = -12 + 17. Suppose 2*a - u*a + 96 = 0. Let x be 30/3*12/15. Calculate the greatest common divisor of a and x.
8
Suppose -5*l + 2*w - 8 = 136, -l - 5*w = 45. Let q be (-3 - -2)/(-2 - l/16). Calculate the greatest common divisor of 2 and q.
2
Let w be 15/(-10)*152/(-6). Suppose -w = -10*i + 82. What is the greatest common divisor of i and 30?
6
Let a(w) = -w**3 - 2*w**2 + 14*w - 5. Let t be a(-6). Calculate the highest common divisor of 55 and t.
55
Let q be (4 - 3)/(3/(-63)). Let y(k) = -k**2 - 23*k - 36. Let x be y(q). Let i be 91/5 + 5/(-25). Calculate the greatest common factor of i and x.
6
Suppose -2730 = 13*i - 43*i. Calculate the greatest common divisor of i and 26.
13
Let n = 41 + -32. Suppose -84 = 2*s - n*s. What is the highest common factor of 36 and s?
12
Suppose 0 = -5*s - 5, b - 3*s + 8*s - 2 = 0. Let a(p) = 4*p - 1 - p + 0*p**2 + 7*p**2 + p**3. Let l be a(-4). What is the highest common factor of b and l?
7
Let s be ((-33)/(-3))/((6/(-9))/(-2)). Let w(p) = -2*p**3 - 6*p**2 - 3*p - 3. Let c be w(-6). What is the greatest common divisor of c and s?
33
Let a be 2/10 + (-15114)/(-30). Calculate the highest common divisor of 56 and a.
56
Let h be -8*(-4)/(5 + 3). Let a be (-200)/(-5)*9/h. Calculate the highest common factor of a and 30.
30
Suppose 2*i + 4*y - 32 = 0, -5*i + 3*i + 5*y = -77. Let v = i - 13. Let z = -188 + 201. What is the highest common divisor of v and z?
13
Let z(a) = -3*a**3 - 3*a**2 + 4*a - 5. Let w be z(-5). Let x = 204 - 129. Suppose 0 = -3*o, x = 3*h - o + 4*o. What is the highest common factor of w and h?
25
Suppose -s = -f - 9, 3*s + f + 23 = 6*s. Let a be 646/s - (-5)/70*-4. Calculate the highest common factor of a and 46.
46
Suppose -13*l + 88 = -9*l. Suppose -4*b + 98 + l = 0. Calculate the highest common divisor of b and 10.
10
Suppose 4 = 2*y, -f - 3*y = -0*f - 10. Suppose 10 = 3*c + f. Calculate the greatest common factor of 10 and c.
2
Let t = -413 - -581. Let c(m) = m**2 - 3*m + 3. Let k be c(-4). Suppose -5*u = -o + 3 + k, -5*u = -3*o + 82. What is the greatest common factor of t and o?
24
Let f be (-3516)/(-20) + (-64)/80. What is the greatest common divisor of 42 and f?
7
Let h = -4 - -3. Let k(n) = -91*n - 4. Let v be k(h). What is the greatest common divisor of 29 and v?
29
Let u(a) = 133*a - 784. Let f be u(7). Let j = 19 + 2. Calculate the highest common divisor of j and f.
21
Suppose -a = 58 - 11. Let y = a - -59. Calculate the greatest common divisor of 3 and y.
3
Let z be (-3)/(-6)*(-1 + 7). Suppose 6 = -5*x - 44. Let d = z - x. What is the greatest common divisor of 39 and d?
13
Let a(b) = -4*b - 23. Let k be a(-9). Let d be 2*k/(39/36). What is the highest common factor of 6 and d?
6
Let a be ((-21)/14)/(9/(-24)). Let n(y) = -y**3 + 7*y**2 - 7*y. Let v be n(a). Let l = -74 + 104. Calculate the highest common factor of l and v.
10
Suppose 4*f - 91 = 5*g, -5*f + 3*f = g - 49. Let x be (54/12 + -6)*-176. Calculate the greatest common factor of x and f.
24
Suppose -f = 4*r - 3*r - 25, 0 = f - 5*r - 1. Suppose -2 = 3*o + 13. Let v be ((-21)/5 + 0)*o. Calculate the highest common factor of f and v.
21
Let d(y) = -3*y**3 - 13*y**2 + 6*y + 3. Let l be d(-6). Calculate the greatest common divisor of 7 and l.
7
Let v = -444 + 532. Calculate the greatest common factor of v and 198.
22
Let f(x) = x**2 - 3*x - 26. Let n be f(13). Suppose -3*p = p - 8. Let w = p - -11. Calculate the highest common factor of n and w.
13
Let h = 197 + 427. Calculate the highest common factor of h and 78.
78
Let f = 125 + -90. What is the greatest common factor of f and 35?
35
Let q = 117 + -109. Calculate the highest common divisor of q and 248.
8
Let z be (-11208)/(-30) + 24/60. What is the highest common factor of z and 442?
34
Let r(b) = b**3 - 10*b**2 + 7*b + 5. Let h be r(10). Suppose -h = -2*o + 65. Calculate the greatest common factor of 10 and o.
10
Let t = 11 + -9. Suppose -2*c = 2*z - 5*z + 252, -5*z - t*c = -420. Calculate the highest common divisor of z and 12.
12
Suppose 4*h + 2 - 18 = 0. Suppose 132 = 4*i - l - 4*l, -h*i = -4*l - 132. Calculate the greatest common divisor of i and 363.
33
Let b(j) = j + 13. Let k = 6 + -17. Let n be b(k). Suppose -n*i + 14 = -10. What is the highest common factor of i and 132?
12
Suppose -5*n + 148 = -4*w + w, -5*n + 2*w + 152 = 0. Let h = 156 + -53. Let f = h - 87. Calculate the greatest common divisor of n and f.
16
Suppose 368*f - 373*f + 7120 = 0. Calculate the greatest common divisor of 16 and f.
16
Suppose -5*c = 334 - 444. What is the greatest common divisor of 451 and c?
11
Suppose 2*j + 5*d - 29 = 0, 116 = -55*j + 60*j - 2*d. Calculate the greatest common factor of j and 22.
22
Let g(q) = -q**3 - 47*q**2 - 45*q + 51. Let t be g(-46). What is the greatest common divisor of t and 265?
5
Let t = -202 - -385. Let p = -51 + t. Calculate the greatest common divisor of p and 12.
12
Let r(t) = -t + 36 + 3 + 23. Let i be r(18). Calculate the highest common factor of 396 and i.
44
Suppose 364 = 22*q - 956. Let g(z) = -4*z**2. Let u be g(1). Let a be (4/(-10))/(u/120). Calculate the highest common divisor of a and q.
12
Let b be (1 - 527)/(2/(-2)). Let f = 955 - b. Calculate the highest common divisor of 39 and f.
39
Suppose -4*b + 0*b + 24 = 0. Let f be b/4 + 7/14. Calculate the highest common divisor of 16 and f.
2
Suppose -10*u + u + i = -122, 0 = -3*u + i + 44. Let b be ((-39)/(-2))/((-3)/(-8)). What is the greatest common factor of u and b?
13
Let j = 1814 - 1263. What is the greatest common factor of 29 and j?
29
Let r(s) = s**2 - 8*s + 2. Let y be r(10). What is the highest common divisor of y and 88?
22
Let h = 65 + -62. Suppose 214 = 4*b - h*d, -6*b = -3*b + 5*d - 175. What is the highest common divisor of 22 and b?
11
Let w = 13 - 41. Suppose -13*j + 606 = 164. Let s = j + w. What is the highest common factor of s and 42?
6
Suppose 0*o + 2*o = -8. Let z = o - 3. Let b be (-1)/z + (-111)/(-7). Calculate the greatest common factor of 8 and b.
8
Let h(t) be the third derivative of -t**4/6 - 10*t**3/3 + 28*t**2. Let x be h(-15). What is the greatest common divisor of x and 10?
10
Let f = -158 + 298. Let o be (-5772)/(-14) - (-2)/(-7). Suppose 0 = -3*s + f + o. What is the greatest common factor of 23 and s?
23
Let w be 14 - (11 + -6) - -6. What is the highest common divisor of 165 and w?
15
Let h(l) = 7 + 19 + 4*l**2 + 1 - 23*l - 3*l**2. Let m be h(22). What is the greatest common factor of 10 and m?
5
Let k(d) = d + 27. Let q be k(-11). What is the greatest common factor of 32 and q?
16
Suppose 20*v = 22*v - 208. What is the greatest 